4*p - 4*p + 1 + 4*p. Calculate t(6).
9
Let b be 1/((-24)/(-21) - 1). Let w(v) = -3*v + 1 + 0*v - b. Let u = -11 - -7. Calculate w(u).
6
Let s(q) = -60*q + 0 + 125*q - 5 - 63*q - 2 + q**2. Give s(-5).
8
Let c(k) = -k - 5 - 6*k - 2*k - 4*k + 3*k. Give c(-1).
5
Let m be ((-40)/(-3))/(6/9). Let u be 96/m + (-2)/(-10). Let t(p) = -6*p**2 - p**3 - 198*p - u + 198*p. What is t(-6)?
-5
Let t(y) = y**2 - 3*y - 9. Let o(c) = c - 2. Let m(l) = o(l) - t(l). Determine m(5).
2
Let o be 1/3 + 28/6. Let t(n) = -2*n**3 - n**2 + 13*n - 3. Let b(j) = 3*j**3 - 18*j + 3. Let m(f) = 3*b(f) + 4*t(f). Calculate m(o).
12
Let m(p) = p - 5. Suppose 12 + 78 = 3*w. Let j be 6/(-10) + 18/w. Calculate m(j).
-5
Let c(h) = -8*h**2 - 10*h + 4. Let d(x) = -7*x**2 - 9*x + 3. Let j(z) = 6*c(z) - 7*d(z). Suppose -y - 2*y = -3. Let l be (0 + -4 - 0)*y. Give j(l).
7
Let i(m) = 5*m**2 - 11 - 2*m**2 + 23 + 21*m - 2*m**2 + 30. Give i(-19).
4
Let o(n) = -n**3 + n**2 + n - 18. Let j be 190/19*2*1. Suppose -2*i = -4*z + j, -i - 3*z + 15 = -2*i. What is o(i)?
-18
Let d(r) = -r - 1. Let s be ((-36)/27)/(4/(-18)). Suppose 20 = -3*a + 5*z, s - 2 = 2*a + z. Suppose a*v = -5*v - 15. Calculate d(v).
2
Let b(s) = 6*s - 3*s + 12*s + 2*s**2 + 4 - 9*s. Calculate b(-6).
40
Let z(r) = 24*r**2 - 9*r + 4. Let w(f) = -1. Let h(u) = 6*u**2 - 2*u + 3. Let k(j) = h(j) + 2*w(j). Let c(l) = 9*k(l) - 2*z(l). What is c(1)?
7
Suppose -2*b + 13 - 7 = 0. Let w be 18/(-6)*(-1)/b. Let m(i) = -6*i**2 - 2*i + 1. Calculate m(w).
-7
Let n(r) = -r + 13. Suppose 2*o + 371 - 355 = 0. Determine n(o).
21
Let w(t) = -t**3 - 13*t**2 + 14*t + 19. Let x(f) = -f**2 + 31*f + 166. Let z be x(36). Give w(z).
19
Let w(y) = -8*y - 20. Let b be w(-2). Let h(m) = m**2 + 4*m + 1. Give h(b).
1
Let d = 58 + -23. Let o(p) = -16*p - 9 - 16*p + d*p. What is o(6)?
9
Let h(j) = -2*j**2 - 5*j + 27. Let i = 294 - 299. Determine h(i).
2
Let h(p) = -5*p**3 + 3*p + 151. Let c(t) = 2*t**3 - t - 50. Let w(q) = 8*c(q) + 3*h(q). Calculate w(0).
53
Suppose 5*v + 40 = 5*a, -v + 2*v = 4*a - 23. Suppose a*s = -38 + 8. Let t(n) = n**3 + 5*n**2 - 7*n - 8. What is t(s)?
-2
Let w(k) = -k**2 - 2*k + 2. Let j = -32 - -30. Let f(c) = -2*c**2 - 2*c. Let m be f(j). Determine w(m).
-6
Let w be 0/(1/(1 + 0)). Let d = -140 + 147. Let r(o) = -82 + o**2 - 8*o + d*o + 65. What is r(w)?
-17
Let d(t) = t**3 + 4*t**2 - 16*t - 21. Let q be d(-6). Let m = 12 - 7. Suppose -2*u + y - m = 1, q*u + 9 = 4*y. Let w(k) = 4*k + 4. Determine w(u).
-8
Let a be (117/(-6))/(4/8). Let j = 36 + a. Let i(r) = 4*r - 3*r - r**2 - 3*r + r + 4. Calculate i(j).
-2
Let v(p) be the third derivative of 0*p + 0 - 1/24*p**4 + 47*p**2 + 1/6*p**3. Suppose -5*s = 4 + 11. Give v(s).
4
Let j(x) = x + 11. Let z = -1314 - -1308. Give j(z).
5
Let z(t) be the third derivative of 0 - 1/60*t**5 + 5/24*t**4 + 0*t + 1/6*t**3 - 9*t**2. Let b(w) = -3*w + 31. Let l be b(9). What is z(l)?
5
Let k = -1427 + 1425. Let i(b) = 2*b + 3. Determine i(k).
-1
Let g(s) = -s**2 + 6*s + 5. Let q(u) = 6*u - 43. Let z(o) = -2*o**2 - 14*o - 12. Let j be z(-5). Let i be q(j). Give g(i).
10
Let o(h) = 3*h + 10. Let p = 503 + -510. Give o(p).
-11
Suppose 0 = -3*p - 12, 5*g + 9 = -0*p - p. Let s be (0 - g)*(-6 - -7). Let a = s + 5. Let m(x) = -2*x + 3. Determine m(a).
-9
Let m(w) = 6047*w**3 - 3023*w**3 + 11*w - 3023*w**3 + 9 - 6*w**2 + 13*w**2. Determine m(-7).
-68
Let p(g) = -4*g + 1. Let s = 50 + -48. Let w = s - 1. Determine p(w).
-3
Suppose -10*t + 136 = -5*t + 3*f, -2 = -f. Let n = t + -30. Let s(o) = o**3 + 5*o**2 + 4*o + 5. Calculate s(n).
5
Let a(k) = -k**2 - 2*k - 6. Suppose 3*p - 6*p = 9. Let s be p/((-15)/(-20) - 0). Determine a(s).
-14
Let o(m) = -4*m - 40. Let u(d) = -3*d - 32. Let b(i) = -4*o(i) + 5*u(i). Suppose 2*x + 2*x = 0. Give b(x).
0
Let g(z) = 4*z + z**2 + 2 + 5*z**3 - 10*z + 0*z. Let q(v) = -6*v**3 - 2*v**2 + 7*v - 2. Let p(a) = 5*g(a) + 4*q(a). Give p(4).
10
Suppose 4*i - 10 = 2*i. Suppose -4*l = -4*s + 5 + 23, -i*s = 15. Let d = -13 - l. Let h(o) = -5*o - 4. Calculate h(d).
11
Let n(a) = 31*a - 35. Let g(b) = -22*b + 23. Let w(d) = -7*g(d) - 5*n(d). What is w(13)?
1
Let f(k) = 2*k + 8. Let p(h) = 18*h + 78. Let c(r) = 30*f(r) - 3*p(r). What is c(-6)?
-30
Let s(b) be the first derivative of -b**3/3 - 6*b**2 - 29*b + 112. Calculate s(-10).
-9
Let v be (4/(-2))/((-15)/(60/(-8))). Let y(h) = 12*h + 8. What is y(v)?
-4
Let c(k) = -13 - 11 + k - 19 + 38. Calculate c(5).
0
Let y(v) be the third derivative of v**7/2520 - v**6/180 + v**5/40 - 7*v**4/24 - 2*v**2. Let q(f) be the second derivative of y(f). What is q(5)?
8
Let t be (-2 + 3)/((-8)/(-24)). Let l(o) be the second derivative of 0 - 2*o + 1/2*o**3 - 1/2*o**2. Give l(t).
8
Let k(d) = d**2 + 5*d + 6. Let r = -37 - -39. Let j(c) = -4*c**2 - 21*c - 25. Let z(b) = r*j(b) + 9*k(b). What is z(-3)?
4
Let x be -2*2/16 - 105/(-20). Let k(s) = -5*s + 2. Let b(t) = -6*t + 2. Let l(h) = x*k(h) - 4*b(h). Determine l(5).
-3
Let n(l) = -l**2 - 11*l - 15. Let z = -121 + 112. Determine n(z).
3
Let g be ((-24)/40)/(-6*(-3)/(-60)). Let w(b) = -2*b - 8*b + 0*b - 3*b. Determine w(g).
-26
Let u(t) be the first derivative of 2*t**2 - 10*t - 417. Calculate u(7).
18
Let b be (4/4)/(1/2). Let j(x) = -8*x**3 - 2 + 7*x**3 - b*x - x**2 - 3*x**2. Let n = 6 + -10. What is j(n)?
6
Suppose -5*j = 6*j - 55. Let s(a) = a**3 - 5*a**2 - 5*a - 2. What is s(j)?
-27
Let o = -66 - -58. Let y(u) = -u**2 - 6*u + 14. Let f be y(o). Let m(i) = -i. What is m(f)?
2
Let m(u) = -10*u**3 - u**2 - 2*u - 1. Let y(n) = -n - 6. Let p be y(-6). Suppose 5 = 5*s + 2*j - 3, -s = 2*j. Let c be (p - s)/(2 + 0). Determine m(c).
10
Suppose 22 = -4*u + 5*d - 6*d, 12 = -4*u + 4*d. Let s(f) = 4*f + 3. Calculate s(u).
-17
Suppose -2*m - 96 = -5*q - 3*m, q + m - 16 = 0. Let x = -18 + q. Let b(l) = -3*l + 3. Give b(x).
-3
Let j = -179/3 - -60. Let w(n) be the third derivative of -2*n**2 + 0*n - j*n**3 + 0 - 1/12*n**4. Determine w(3).
-8
Let y(i) = -11*i - 3. Let d(h) = 5*h + 2. Let b(k) = -9*d(k) - 4*y(k). Suppose u - 3*s = 3*u - 6, 3*u + 5*s - 8 = 0. Suppose -2*p + u*p = 0. Determine b(p).
-6
Let s(t) = t**2 - 4*t - 9. Suppose 0 = -48*d + 186 + 150. Calculate s(d).
12
Let a(v) = -v + 3. Suppose 0*k + k = 5. Let q be k/(-10) + (-33)/(-6). Give a(q).
-2
Let r = 343 - 336. Let j(g) = 3*g - 18. Determine j(r).
3
Let i(x) = x + 6. Let t be i(-6). Suppose 2*f = 4*g - 94, g - 6*g - 5*f + 80 = 0. Let u(q) = 2 - 39*q + 19*q + g*q. Calculate u(t).
2
Let b(m) be the second derivative of -1/20*m**5 - 7/6*m**3 - 7/12*m**4 + 0 - 3*m - 3/2*m**2. Determine b(-6).
3
Let f(a) = -6*a + 2. Suppose 5*u = w - 8, -3*u + 0*u = w. Let l be 0 - (2 - (7 - w)). Give f(l).
-10
Let v(c) be the first derivative of c**4/12 + c**3 - 2*c**2 - 9*c + 11. Let p(x) be the first derivative of v(x). Give p(-7).
3
Let a(m) = -4*m + 4. Suppose v - 12 = -4. Suppose 0 = h + h - v. Let b be (-2)/((-9)/2 + h). What is a(b)?
-12
Let c = -618 - -610. Let d(y) = y**2 + 6*y - 8. Give d(c).
8
Let n(g) be the second derivative of -g**5/10 - g**4/12 - 3*g**2/2 + g - 11. Calculate n(-2).
9
Let r be 474/39 - (-6)/(-39). Let v = -10 + r. Let g(c) = 24*c + 4*c**v - 24*c. Give g(-1).
4
Suppose -j - 2*v + 29 = 0, -2*v + 28 = j - v. Let u(f) = -j*f + 13*f + 12*f. Determine u(-7).
14
Let m(h) = h**2 - 7*h + 5. Let u be (1/1)/1 + -6. Let o be (-92)/u - (-2)/(-5). Let f be (-30)/o*-3*1. Calculate m(f).
-5
Let u(j) = j**3 + 6*j**2 + 5*j + 2. Suppose -44 = -6221*x + 6232*x. What is u(x)?
14
Let i(s) = s + 1. Let m(b) = 3*b + 2. Let x(o) = -5*i(o) + 2*m(o). Let n(h) be the first derivative of -h**3/3 - h**2 + 3*h - 9. Let w be n(-2). Give x(w).
2
Let t = -13 - -3. Let j = 12 + t. Let b(u) = -3*u + u**2 + 2*u**2 - j*u**2 - u - 6. Determine b(5).
-1
Let n(u) = -u**3 - 2*u**2 - u + 1. Let o = 2 - 9. Let c = 15 + o. Let f = c + -11. Determine n(f).
13
Let n(s) = -5 - 9*s**2 + 5*s**2 + 6*s - 6*s**3 + 5*s**3. Suppose -1 - 4 = v. Give n(v).
-10
Let i(x) = 0*x + 5*x - 1 + x + 0*x - 5*x. Let q be 8/6 + (-2)/6. Let y(k) = -4*k**3 + k - 1. Let a be y(q). Determine i(a).
-5
Let m(z) = 3*z - 30. Let v be m(12). Let i(f) = -f**3 + 5*f**2 + 9*f - 4. Let u(g) = -3*g**3 + 15*g**2 + 28*g - 12. Let w(o) = -7*i(o) + 2*u(o). Calculate w(v).
-2
Let r(m) be the first derivative of m**2/2 + m + 2. Suppose 15*u 